 is divided by a?
26
Let r(t) = 37*t**2. Let i be r(-1). Let w = i - 25. Calculate the remainder when 45 is divided by w.
9
Let a = 17 - 9. Calculate the remainder when 21 is divided by a.
5
Let n = 81 + -36. What is the remainder when n is divided by 12?
9
Suppose 26 = 2*c - 114. Suppose -l + 98 = 5*z, z = 5*z - 2*l - c. What is the remainder when 75/2 + 3/(-6) is divided by z?
18
Suppose -4*g + 5*j = -31 - 0, -5*j - 23 = -2*g. Calculate the remainder when g is divided by ((-1)/(-3))/(1/6).
0
Suppose -2*h = w - 22, 0 = 6*w - 2*w + 4*h - 88. Calculate the remainder when 71 is divided by w.
5
Suppose -5*c - 3*q = -21, 4*q - q = 3*c - 3. Suppose -c*o - o = 8. What is the remainder when (-1 + 15 - 1) + o is divided by 4?
3
Let g = 5 + -1. Suppose -r = -1 - 0, -5*j - g*r + 139 = 0. Calculate the remainder when j is divided by 15.
12
Let y(k) = k**2 + 6*k - 4. Let f be 2/4*0 - 7. Calculate the remainder when 3 is divided by y(f).
0
Suppose -5*m - 2*z + 58 = 0, m - 7*z + 6 = -3*z. Suppose -2*j = 3*j - m. What is the remainder when 6 is divided by j?
0
Suppose 0 = a + 2*a + o - 34, 3*o = 5*a - 38. What is the remainder when 27 is divided by a?
7
Suppose 218 = -3*s + 5*s. Suppose -3*d - x = -s, 2*x - 163 = -5*d + 5*x. What is the remainder when d is divided by 10/((-2)/(-2)) + 2?
11
Let l(d) = 7*d - 1. Let m be l(-1). Let p = -5 - m. Calculate the remainder when p is divided by (2/4)/((-2)/(-8)).
1
Let l = -21 - -49. Suppose 4*m = 3*w + 33, 5*w - 7*m + 50 = -2*m. What is the remainder when 18 is divided by w/l - 29/(-4)?
4
Let z(a) = -25*a - 7. Let m be z(-5). Suppose m = t + t. Suppose 4*w = t + 101. Calculate the remainder when w is divided by 14.
12
Let a(u) = 2*u**3 - 7*u**2 + 5*u + 4. Let q be a(4). Suppose -3*d + q = d. What is the remainder when -3*6/(-4)*4 is divided by d?
8
Suppose 35 = 2*l - 3*j - 57, 3*j = 5*l - 212. Calculate the remainder when 159 is divided by l.
39
Suppose -2*w - u + 40 = 3*u, 4*w + 3*u = 55. Calculate the remainder when w is divided by 8/(-12)*-9 - 2.
2
Let s = -7 - -20. Calculate the remainder when 37 is divided by s.
11
Let x(i) = i**3 - 10*i**2 + 9*i + 11. Calculate the remainder when x(9) is divided by 3.
2
Suppose 4*s = 3*s. Suppose s = 4*m - 171 + 7. Calculate the remainder when m is divided by 14.
13
Suppose -5*f = -54 + 19. Let o(r) = -19*r. Let t be o(-1). Let d = 32 - t. Calculate the remainder when d is divided by f.
6
Let n(q) = 12*q + 1. Let w(g) = 3*g - 6. What is the remainder when n(2) is divided by w(5)?
7
Suppose -3*u - 2 = -29. Calculate the remainder when 15 is divided by u.
6
Suppose -q + 4 = -4*g, -11 = 3*q - g + 10. What is the remainder when 45 is divided by q/(-4) - (-40)/4?
9
Let h = -30 - -50. Calculate the remainder when h/(-6)*(-2 - 13) is divided by 18.
14
Let b = 59 - 42. Calculate the remainder when 47 is divided by b.
13
What is the remainder when (-1614)/4*(-28)/42 is divided by 54?
53
Let c = -17 + 21. Calculate the remainder when 9 is divided by c.
1
Let q(d) = 16*d**2 - 3*d - 2. Calculate the remainder when 66 is divided by q(-1).
15
Suppose -2*x = -0*x - 22. Calculate the remainder when 42 is divided by x.
9
Suppose -4*c - 2*x + 157 = -3*x, 15 = -3*x. Calculate the remainder when c is divided by 13.
12
Let w(x) = 5*x - 36. Calculate the remainder when w(15) is divided by 14.
11
Let s(a) = -3*a**2 + 18*a + 1. What is the remainder when s(5) is divided by 2*5*1 - 1?
7
Let p(b) be the second derivative of 0 + 1/6*b**3 - b + 0*b**2 + 29/12*b**4. What is the remainder when p(-1) is divided by 15?
13
Suppose 3*w = 5*o + 11, -2*w + 4*o + 28 = 2*w. Let j = w + -7. What is the remainder when (-82)/(-6) + 4/(-6) is divided by j?
3
Suppose -5*d + 10*d = 95. Let j = d - 5. What is the remainder when j is divided by 8?
6
Let h(d) = d**3 + 4*d**2 - 2. Let b be h(-2). Let s = b - -1. Let x(m) = -2*m + 12. Calculate the remainder when x(-4) is divided by s.
6
Calculate the remainder when (-14)/1*7*3/(-6) is divided by 18.
13
Suppose -t - 2 = -2*t. Suppose -3*f = t*f - 70. What is the remainder when 26 is divided by f?
12
Let l(a) = -a**2 + 10*a. Calculate the remainder when l(7) is divided by 8.
5
Suppose -3*w = -2*s - 2*w + 10, 0 = 3*s - 2*w - 15. Let j = 20 - s. Calculate the remainder when (-4)/(-6)*(-174)/(-4) is divided by j.
14
Let m = -25 + 49. What is the remainder when 11 is divided by 4/(m/9)*4?
5
Suppose 1 + 1 = t. Let z(r) be the first derivative of r**4/4 - r**3 - 3*r**2/2 + 1. What is the remainder when z(4) is divided by t?
0
Let k(q) = 19*q**3 + 2*q**2 - q + 1. What is the remainder when 293 is divided by k(1)?
20
Let q = -11 - -51. What is the remainder when q is divided by (0 + 1)/(4/84)?
19
Let k(w) = -2*w**3 - 3*w**2 + 2. Suppose -12*x = 10*x - 88. What is the remainder when k(-2) is divided by x?
2
Let q = 3 - 10. Let f(s) = -s**3 - 6*s**2 + 5*s + 15. What is the remainder when f(q) is divided by (10/(-4) - 0)*-4?
9
Suppose -6*i + 40 = -i. Let a = i + -2. Suppose a*d - 3*d - 42 = 0. Calculate the remainder when d is divided by 4.
2
Suppose -w + 110 = 3*i, -w + 5*i + 131 = i. Calculate the remainder when w is divided by 41.
37
Let j(r) = -r + 12. Calculate the remainder when 97 is divided by j(2).
7
Let d(i) = -i - 2. What is the remainder when 9 is divided by d(-6)?
1
Suppose c = 2*j + 27, -4*c + 101 = 2*j - 3*j. Let l(d) = -2*d**3 - 2*d**2 - 2*d - 1. Let i be l(-1). What is the remainder when c is divided by 1/i + -3 - -11?
7
Suppose b - 2*t = 30, -28 - 27 = -4*b - 5*t. Let m be 650/(-4)*(-16)/b. Suppose 3*u - m = u. What is the remainder when u is divided by 17?
14
Suppose j - 3 - 7 = 0. Suppose d - 3*d = -34. What is the remainder when d is divided by j?
7
Suppose 2*g - 40 = -3*g. Suppose -4*y - y = -110. Calculate the remainder when y is divided by g.
6
Suppose 5*v - 8 = v. Let h(b) = -b**2 + 6*b - 5. Let r be h(5). Suppose r = 4*m - 5 - 15. What is the remainder when m is divided by v?
1
Suppose 5*o = t + 34, 0*t = 2*o - t - 16. What is the remainder when 28 is divided by o?
4
Suppose -3*o - 2 = -o. Let b be (-25)/(o/(3/3)). Suppose 2*n = 3*j + 10, j + j + b = 3*n. What is the remainder when 32 is divided by n?
10
Let z(d) = 15*d**2 + 6*d + 12. Calculate the remainder when z(-4) is divided by 46.
44
Let u = 122 + -109. Let m be ((-3)/6)/(2/(-76)). Suppose 5*a + m = 144. Calculate the remainder when a is divided by u.
12
Let f = -3 + 5. Suppose 2*n = -f*n + 12. What is the remainder when n is divided by 2?
1
Suppose 4*c = -0*c - 5*s + 254, 2*c - 134 = s. Calculate the remainder when c is divided by 17.
15
Let p = 26 - 12. Calculate the remainder when 15 is divided by 4/p + 160/28.
3
Suppose 36*p = 38*p - 14. What is the remainder when 24 is divided by p?
3
Let s = -2 - -2. Suppose 0 = -5*o + 2*o + 2*l, s = -o + l - 1. Suppose -2*t = -4*v - 10, t - o*t = 2*v - 9. What is the remainder when t is divided by 3?
1
What is the remainder when 55 is divided by 0 + -2 - -17 - 1?
13
Suppose -m + 3*h + 24 = 7*h, -4*m + h = -79. Calculate the remainder when m is divided by (-171)/(-15) - (-2)/(-5).
9
Let x = 88 - 71. Calculate the remainder when 81 is divided by x.
13
Let w(t) = -t**2 + 9*t + 3. Suppose -5*c + 8 + 2 = 0. Suppose -c*q = -q - 8. What is the remainder when w(q) is divided by 6?
5
Let w = -129 - -184. Suppose -w = -2*c - 3*c. Suppose -5*m + 17 = -3. What is the remainder when c is divided by m?
3
Suppose 0*d + 1 = d. What is the remainder when 2 is divided by d?
0
Let g be 184/(-44) + (-4)/(-22). Calculate the remainder when (-14)/g*(-48)/(-28) is divided by 3.
0
Let n(s) = -6*s + 28. Let d = -12 - -22. Calculate the remainder when n(0) is divided by d.
8
Let j(r) = 3*r**2 + 2*r + 29. Calculate the remainder when j(0) is divided by (-4)/14 - 214/(-14).
14
Suppose -2*i = 4*q + 4, -q - 4*i + 3 = -4*q. Let j = 4 + q. Suppose 4*p + u - 153 = 0, -111 = -3*p - 0*u + j*u. Calculate the remainder when p is divided by 13.
12
Suppose 2*f = -3 + 23. What is the remainder when f is divided by 4?
2
Let c = -95 - -142. Suppose 3*u = 3*d + 3, -7 = -0*d - d + 5*u. Calculate the remainder when c is divided by d + 1 - (-108)/6.
15
Suppose 2*s + 3*s - 5*h - 30 = 0, 4*h + 4 = 0. Suppose y + 3 = -4*j, 0*y - s*y - 5*j + 30 = 0. What is the remainder when 25 is divided by y?
7
Let b = 59 +